+ -6 + 18 + -1 + -12?
14
-1 - (-15 - (-2 + 14 - -5))
31
Calculate (-7 - -4 - -7) + 39 + 79 + -93.
29
Calculate (-1 - -13) + (0 - (-42 + 51)) - (-51 - 3).
57
Calculate -3 + 16 + (2 + 1 - 45).
-29
What is 21 - (17 + -7) - (38 - 35)?
8
What is -21 - -15 - (-17 - (-16 + 5))?
0
Calculate 47 + -69 + -20 + 2.
-40
Calculate 59 - (-25 - (28 - 131)).
-19
Evaluate 14 + (5 - 16) + -9 + 3 - 90.
-93
(28 - 72) + 17 + 5 + 1
-21
What is the value of (2 + 134 - 141) + 78?
73
Evaluate (119 - 59) + -28 - 64.
-32
Evaluate (-28 - -1) + (-36 - ((-10 - -30) + -41)).
-42
(-53 - -37) + (-15 - 1) + -64
-96
What is ((-1 - 14) + -1 - (4 - (42 + -29))) + 64?
57
What is (7 - -4) + -39 + 17 - -13?
2
(29 - (147 + -77)) + 29
-12
Calculate -1 + -4 - (3 - (5 - -9)) - 32.
-26
Calculate 41 + -37 + (-4 - -3) + -1 + (-4 - 26).
-28
What is the value of 25 - (-44 + (45 + 6 - 25))?
43
What is the value of -56 - 16 - -105 - 11?
22
What is 3 + 1 + (58 - (-3 + 42))?
23
What is the value of 111 + (-36 - 9) - 11?
55
Evaluate 0 + 16 - (-21 - (18 + 16 - 14)).
57
What is -148 + 143 + (-3 + -6 + -7 - -9) + 83?
71
Calculate 75 + (-57 - -44) - 7.
55
Calculate (62 - 57) + -47 + 25.
-17
What is the value of -12 - (-72 - -75 - (13 + 11))?
9
What is the value of -2 + 58 - (-91 - (-153 + 71))?
65
Calculate -32 + (22 - -106) + -83.
13
Calculate (-3291 - -3276) + (-1 - (36 - 2)).
-50
What is 0 + -131 + (637 - 568)?
-62
What is the value of -153 + (29 + (-48 - 4) - (6 + -47))?
-135
What is the value of -135 - 9 - (-48 + 71 - 34)?
-133
Evaluate -1 + 8 + (1660 - 1697) + 12.
-18
-17 + 21 + -11 - (7 + -40)
26
What is -7 + (1 + 5 - 3) - (-11 - (-43 + 20))?
-16
Calculate 68 + (-154 - (83 + -172)).
3
(7 + (10 - 23) - -11) + -11 - -3
-3
Calculate (3 - -4 - -52) + 10 - (-37 + 54).
52
-1 + -8 - (0 + -9 + (-10 - -7) + -27)
30
What is the value of (-37 - -43) + -4 + 37 + -7 + -4?
28
Evaluate 1 + -11 - ((-81 - -141) + -41).
-29
What is 29 + -93 + 85 - (-28 + 0)?
49
3 + -8 + 11 + -44 + -27 + 85
20
Calculate -16 + 0 - (100 - 124) - (-4 - (-85 + 3)).
-70
Evaluate 79 + -33 + (-112 - 32).
-98
Evaluate -9 + 1 + -17 + 12 + (25 - (-1 + -18)).
31
What is -1 + -24 + (-4464 - -4520)?
31
Calculate 19 + (65 + -47 - 30).
7
What is the value of -17 + -18 + 29 + -1 + -30?
-37
10 - (-2 - (-6 + -5 - ((3 - 6) + 54)))
-50
Evaluate (-11 - (2 - 7 - 5)) + -2 + (-44 - -13).
-34
What is the value of (-21 - 51) + (6 - (3 + 15) - -5)?
-79
What is 96 + -91 + (-4 + -2 + -2 - -2)?
-1
Calculate -51 - (-6 - ((-25 - -1) + (-68 - -76))).
-61
Calculate 110 + -8 + -44 - 67.
-9
What is -4 + 0 - 1 - (9 - (-22 + -6))?
-42
97 + -82 + -3 + 8
20
-2 + (-9 - -22) + (33 - 19)
25
Evaluate (14 - (-3 - -1)) + (228 - (-192 - -527)).
-91
-19 - (3 + (-16 - 14)) - -32
40
4 + 15 + -20 - -20 - -47 - -17
83
48 - (56 - 12) - (-44 - -3)
45
Calculate -2829 + 2845 + -92 + -2.
-78
What is 50 + (13 - 46) + -39?
-22
What is the value of (102 - (26 - -74)) + 30?
32
-66 + (24 + (-25 - -11) - 4)
-60
What is 49 + -2 + (-3860 - -3810)?
-3
What is 76 - (42 + 14) - 16?
4
What is the value of 131 + -15 + -40 + -50?
26
What is (-138 - -45) + (-22 - 9) + 20?
-104
6 + (7 - 59) - 3 - (-6 - 3)
-40
What is -5 + 16 + (53 - -4) + -13 - -1?
56
-60 - (0 + 7 + (12 - (19 - -10)))
-50
-13 + (3432 - 3429) + (1 - (-25 - -1))
15
(-4 + 8 - 1) + -8 + 63 + (-24 - -15)
49
64 + (8 - 5) + (-16 - -12 - -13) + 9
85
-21 - (-15 + (29 - -2)) - (-1 - (-14 + 3))
-47
Calculate 52 - (158 + -94 + 3).
-15
Evaluate -1 - (-1 - (-9 + 2)) - ((-16 - -8) + -12).
13
Calculate (1 - -68) + (90 + (-173 - -75) - (1 - 12)).
72
What is the value of 80 + -41 - 40 - 32?
-33
What is the value of -51 + -4 + -14 + -14 + 41?
-42
(1 - 21) + -1 + (45908 - 45918)
-31
What is the value of 45 + 1 - ((-5 - -21 - 10) + -21)?
61
Evaluate -1 - -18 - (18 - 21 - 43).
63
Evaluate (18 - (-4 + 27)) + 17 - (-15 + 3).
24
Calculate -242 + 109 + 221 - (-1 - -26).
63
What is -1 - (-74 + -3) - (-143 + -147 + 290)?
76
What is the value of -7 + (-55 - 54) + 63?
-53
What is the value of 0 - (-11 - (11 + -22 - -2))?
2
Calculate -154 + -182 + 341 + (3 - (3 - 2) - -9).
16
Evaluate (5 - (-1 + 17 + -2)) + -9.
-18
Evaluate 8 + (108 - 171 - -156).
101
Calculate 67 + -26 - 15 - -64 - -11.
101
Calculate -74 + -3 + 2 + 456 + -474.
-93
Calculate -33 + (-36 - (-24 - 0)).
-45
What is 9 + (122 + -140 - (4 - -1)) + 28?
14
What is the value of -55 + (-56 - -136 - -25)?
50
What is -1 + -20 + (10 + -12 - -9 - -2) + 30?
18
Calculate (-14 - 0 - (-770 - -745)) + 46.
57
What is -148 + 127 + 20 + 8?
7
Calculate -2 - (-12 - -1) - (-199 - -198).
10
Evaluate -9 + 28 + 8 + (-17 - -25 - (-4 - -19)).
20
What is the value of -11145 + 11081 + (-3 - (2 - -9))?
-78
(19 + -20 + 17 - -44) + 2 + 2 + -2
62
Calculate -95 + 17 + -8 - (-15 - (-16 + 1 - -8)).
-78
What is 113 + (-124 - -19) + (-1 - -4)?
11
Calculate 68 - (100 + (10 - 13)).
-29
Calculate -8 + 12 + -24 + 25 + 4.
9
Evaluate (-3 - 68 - -56) + (1 - (1 - -87)).
-102
(-81 - -23) + 45 + -2 - (6 + 0)
-21
What is 13 + -25 - (3 + -4 + 9 + -2 - 30)?
12
-76 + (-17 - -9) + -2 + 4 + 18
-64
What is -135 + (11 - (-3 - (-9 - ((-14 - -22) + 8))))?
-146
Calculate 707 + -725 - (-1 - 2).
-15
Evaluate 8 - 32 - (-70 + -35 - -52).
29
What is the value of 5 + (0 + 0 + 1 + 6 - 8) + -74?
-70
Evaluate (74 - 127 - -92) + -25.
14
Evaluate 17 - (21 + (-4 - 12) + (-5 - -87)).
-70
64 - -3 - (-1 + 2 - (-65 + 6 - -63))
70
What is (23 - 118) + (-20 - (14 + -50))?
-79
-26 + 2 + 17 + -5 + 21 + -22 + -15
-28
What is the value of -168 + 4 + 29 + 65?
-70
What is -31 + 53 + 41 + -135?
-72
What is (6 - 2 - 85 - 0) + (-26 - -15 - -21)?
-71
Evaluate (20 - 11 - (-2 - -1)) + -5 + 573 + -585.
-7
-25 - (6 - (11 + -8 + -4) - 11)
-21
Evaluate -25 + (-6 - -20 - (7 + 4) - 14).
-36
What is the value of -12 + 47 - (103 - 95)?
27
What is 6 + 12 + 3 - (-47 - -26)?
42
Calculate 233 - 449 - -232 - (1 + 2 + 0).
13
What is the value of -48 + (-21 - (9 - 10 - 24 - 13))?
-31
1 + -62 + -1 - (1038 - 1055)
-45
Evaluate -638 + 709 + -10 + -2 + 6.
65
What is (1 - -54 - 21) + 2 - -14?
50
41 - (44 + (17 - 84))
64
What is 14 + -8 + -19 + -40 + (-1 - -15)?
-39
Evaluate (31 - (40 + -20)) + (8 - 7).
12
What is -49 - -22 - (-61 + 45)?
-11
Calculate 12 - (40 - (-17 + (5 - 13) + 15)).
-38
70 + (50 - (157 - 102))
65
41 - (17 + 67 - 112)
69
Evaluate (-50 - -73) + 51 - 29.
45
Evaluate (-20 + -66 - 14) + (1 - -11) + 6.
-82
(-75 + 86 - (-4 + -1)) + 26
42
Calculate -1 + 5 - (-7 - (11 + -2 - 17)).
3
Evaluate 41 - (-59 + -12 + 93) - (0 - 0).
19
Calculate (-17 + 13 - -18 - -29) + 2.
45
Calculate -2 - (-48 + (38 - 11)).
19
Evaluate (-1307 - -1319) + (-3 - -2) + -38 + -9.
-36
What is the value of (-7 - 1) + (264 - 291) + -6?
-41
What is the value of -1 + 2 + (2 - 51)?
-48
What is 5 + 1 - (5 + -13 + 3 - 7 - -1)?
17
221 + -218 + (-3 - -53)
53
Calculate (1 - 22) + -122 + 121 + (-1 - 10).
-33
What is 0 + 5 + (-4659 - -4665)?
11
26 + 9 + -13 + -27
-5
What is -78 + 44 + (6 - 2) - (0 - -14)?
-44
Calculate -8 + 16 + -9 + -6 + 0 + (-15 - -60).
38
What is (70 - 82 - (2 + -64)) + -1?
49
Calculate 829 + -877 + 2 + 35 + (8 - 0).
-3
Evaluate 133 + (-19 + 31 - 74).
71
-58 - -60 - 23 - -40
19
Calculate 129 - ((-4 - 3 - -38) + 13).
85
Evaluate -5 + -28 + 23 - (-5 + 10).
-15
What is (-1 - 30) + (-64 - (169 + -156))?
-108
What is the value of -1 + -31 + -29 + 34 + -47?
-74
What is -8 - -5 - (3 + (0 - -2) + -14)?
6
Evaluate 54 + 11 + -9 - (107 - 111).
60
What is -1 + 43 - (10076 - 10077)?
43
(-2 - (27 - -4)) + 24 - (1 - -4) - -80
66
Calculate -4 + -17 + 16 + 47.
42
What is the value of -20 - 1 - (36 - (137 - 66))?
14
Calculate 6 + 3 + 6 + 73 + -4.
84
Evaluate (-31 + -82 - -94) + 45 + 0.
26
What is -16 - 1 - ((-68 - (31 + 6)) + -11)?
99
(21 + -1 - 7) + -9 - -6
10
What is the value of (1 - -1) + 48 + (0 - (3 + 7))?
40
What is the value of (-16 - -92 - 14) + -101?
-39
Calculate (0 - 27) + (20 - 11) + -16 + 11.
-23
(12 - -1) + (43 + 14 - 51)
19
Evaluate 4 + (-46 + 25 - (0 - -4 - (52 + -39))).
-8
Evaluate (1 - (-2 - 6)) + (91 - (-41 - -83)).
58
What is 121 + 78 + -173 - (43 - 2)?
-15
What is (-106 + -5 - 35) + 44 - 22?
-124
What is 6 + -49 + -13 + 14?
-42
Calculate (-47 - 0) + (-15 - (-15 + 11 + (-20 - -13))).
-51
-8 + -33 + 46 + (1 + 2 - -63 - -4)
75
What is -11 - ((3 - 38) + (28 - 35 - -14))?
17
-12 + (30 - 30) - ((-2 - (3 - 2)) + 3)
-12
